). Is k(r) composite?
False
Let n = 164 + -228. Let i = 357 + n. Is i composite?
False
Let t(b) = 222*b - 13. Let z = 53 - 40. Suppose 2*u + 32 = 5*j, 10*u - 5*u = -3*j + z. Is t(j) a prime number?
True
Suppose 3*f - 5*r = -14, 5*r = -2*f - 0*r + 24. Suppose -n - 4*n + 3*u = -733, -3*n + 455 = 2*u. Suppose f*w - 569 = n. Is w a composite number?
False
Suppose 2*v - 465 = 391. Let n = v + -104. Suppose -2*m + n + 750 = 0. Is m composite?
True
Suppose 7*r - 8*r + 15*r = 0. Suppose r = -2*u + 4487 + 17123. Is u prime?
False
Let s(i) be the third derivative of i**6/120 - 11*i**5/60 - 5*i**3/2 - 22*i**2. Let q(r) = 3*r - 46. Let p be q(20). Is s(p) a composite number?
True
Suppose 2*q = 5*q + 5*r - 219706, 5*q - 366184 = -r. Is q a composite number?
False
Let z be (72/(-30))/(3/(-10)). Suppose r + z*y + 10 = 4*y, 4 = 5*r + 2*y. Suppose 3*h - h - 87 = -j, -j = -r*h - 71. Is j a composite number?
False
Suppose 87*d = 55*d + 23648. Is d composite?
False
Suppose 1 = 3*l + 4. Is l + (12*46)/6 a prime number?
False
Let w be (-135163)/((-1)/(-4 + (-1 - -6))). Let j = w - 85866. Is j a prime number?
True
Suppose 127*t - 2734154 + 454669 - 232702 = 0. Is t a composite number?
True
Suppose -4*j = 2*y - 85084, -75*y = -2*j - 71*y + 42522. Is j a composite number?
False
Let g(x) = x + 20 + 23 + 22 - 57. Let v be g(-10). Is -1811*2/(-4) + (-3)/v a composite number?
False
Suppose 0 = 4*v, -v + 2032 = -4*d + 2*v. Is (4/(-8))/(1/d) composite?
True
Let f(m) = -m**3 + 2*m**2 + 11*m - 15. Let k be f(4). Let o(n) = -258*n - 211. Is o(k) prime?
True
Let n(h) = 7*h**2 - 47*h - 349. Is n(95) composite?
True
Let y(m) = m**3 - 18*m**2 + 34*m - 32. Let r be y(16). Let v(i) = -i**3 - i**2 - 7*i + 4493. Is v(r) prime?
True
Let a(i) = 4177*i**2 + 136*i + 714. Is a(-5) a prime number?
True
Suppose -963 + 1381 = 2*h. Is h a prime number?
False
Suppose -4*o = -12*k + 14*k - 287720, -o = -2*k - 71945. Is o prime?
True
Let n be (-60)/(-2 + -5 + 5). Let l be 6/(n/(-5)) + 1. Let y(j) = 5*j**3 + j**2 + j + 2159. Is y(l) a prime number?
False
Is ((-340188)/(-6))/(-3 - 2)*25/(-10) composite?
False
Is 6/(210/13915) - (-24)/(-42) prime?
True
Let w(k) = -7*k**2 + 9. Let d be w(-8). Let i = d + 763. Suppose -2*p - 3*q = 2*q - i, -3*p = -2*q - 505. Is p composite?
False
Suppose -464*n + 452*n + 495276 = 0. Is n a composite number?
True
Let p = -268 - -370. Is 11166/(-4)*(-68)/p a prime number?
True
Suppose -5*d + 10 = 0, -2*w = -0*d - 4*d + 2. Suppose -w*a + 11195 = -0*a - 2*s, -4*s + 3713 = a. Let t = a - 2170. Is t a prime number?
True
Suppose 4*o + 76 = -4. Is -4 - 3 - 7*o composite?
True
Let n = 59 + -57. Suppose 3*f - n*f + 363 = 0. Is -22*f/26 + (-42)/273 prime?
True
Let d be -2 - 66*(-4)/((-8)/3). Let a be (-5 - -2)/(-3)*d. Let n = a - -292. Is n a composite number?
False
Let i = 8909 + -8907. Let k(f) = 907*f - 2. Let h be k(-6). Is i/6 - (3 - h/(-12)) prime?
False
Let w(k) = 19*k**2 - 4*k. Let s be w(-1). Suppose -7*a + 8*a = -4, -s = -3*v + 2*a. Suppose -d = v, 2*t + 0*t = -d + 113. Is t prime?
True
Let n(q) = 6522*q + 19. Let o be n(3). Is (56/35 - 1)*o a prime number?
False
Suppose -40 = -4*m - 4*j - 0*j, -35 = -2*m - 5*j. Suppose -17*x + 15*x = -3*c + 3113, -m*c = 4*x - 5225. Is c prime?
False
Suppose 3*s = -5*b + 48973 + 263115, -2*s + b = -208037. Is s a prime number?
True
Suppose -28*g - 3*g + 5053 = 0. Is g a composite number?
False
Suppose 3*b - 3*x = -2*b - 70304, 0 = -b - 5*x - 14072. Let t = b - -21449. Is t prime?
False
Suppose 23 = 3*v - 1. Let f = -2 - v. Let t = 405 - f. Is t a prime number?
False
Let q = -9782 - -19273. Is q prime?
True
Let c(n) = -832*n - 1483. Is c(-15) prime?
False
Let v(p) be the third derivative of 457*p**5/60 + p**4/4 - 2*p**3/3 - 2595*p**2. Let n = -3 + 0. Is v(n) prime?
True
Let y(p) = 269257*p**2 + 54*p - 52. Is y(1) a composite number?
True
Let s(i) = -73*i - 26. Let y(a) = -3*a**2 - 6*a + 1. Let v be y(3). Let q = 35 + v. Is s(q) a composite number?
False
Let x(p) = 6*p**2 + 7 - 5*p + p**3 - 12*p + 23*p. Let f be x(-5). Is ((-5210)/15)/(f - (-24)/(-9)) composite?
False
Let v be (3/6)/(1/(-1212)). Let r = v + 3101. Suppose -8*k + 13*k - r = 0. Is k a composite number?
False
Suppose -5*y = -3*m - 20317, -924 - 19365 = -5*y - 4*m. Let j = 10896 - y. Is j a prime number?
False
Let q(l) = 77*l**3 - 7*l**2 + 77*l - 398. Is q(15) a composite number?
True
Suppose -78*f - 258820 = -4*h - 74*f, 5*f + 258814 = 4*h. Is h a prime number?
False
Let u = 344216 + -217797. Is u a composite number?
True
Let b(g) = 12*g**3 - 37*g**2 + 36*g - 73. Let k(j) = 5*j**3 - 18*j**2 + 18*j - 36. Let s(t) = 2*b(t) - 5*k(t). Is s(13) a prime number?
True
Let b(i) = i - 22. Let g be b(11). Let p(d) be the first derivative of -d**4/2 + 7*d**2 + 13*d + 120. Is p(g) composite?
False
Let o(b) = b**2 + 25. Let l be o(9). Let s = 7 - l. Is s*35/(-42)*4/6 a composite number?
True
Suppose -4*g + 6 = -5*m - 12, -8 = -4*g. Let l be (-4)/(-3)*m*(-3 - -12). Is 1/(-6) + (-28492)/l composite?
False
Let d(q) = -18*q**3 - 7*q**2 - 83*q + 5. Is d(-18) a composite number?
False
Let n = 95 - 149. Let s = -49 - n. Suppose -2890 = -3*a + 5*x, 3*a - 2896 = -s*x + 4*x. Is a a composite number?
True
Is 10*(-1)/8 - 669774/(-56) a prime number?
True
Let d be 2/(-7) - (-3536)/28. Suppose -6*f + 903 = -723. Let i = f + d. Is i a prime number?
True
Let f(p) = -p**3 + 8*p**2 - 7*p + 3. Let k be f(6). Suppose 22029 = -5*m - 5*b + 413704, -5*m + 2*b = -391640. Is m/66 + 6/k a composite number?
False
Let q(r) = 7583*r**2 + r. Let n be q(1). Let i = 13045 - n. Is i prime?
False
Suppose 0 = -3*c + 2*o + 607091, 43*o + 202357 = c + 41*o. Is c composite?
True
Let d(r) be the second derivative of -3*r**5/20 + 4*r**3/3 - 3*r**2/2 + 100*r - 2. Is d(-4) a composite number?
False
Suppose 0 = 50*b - 48*b + 32. Let x = 25 + b. Suppose -2435 = -x*c + 4*c. Is c prime?
True
Suppose -461*j + 450*j = -81059. Is j a composite number?
False
Let q(k) = k**2 - 4*k + 10 + 0*k**2 - 5 - 4*k. Let g be q(7). Let d(f) = -31*f**3 - f**2 + 6*f + 7. Is d(g) a composite number?
False
Let y(a) = -6*a + 3. Let z be y(0). Suppose 4*b + u - 45 = 0, -33 = 4*b - 6*b + z*u. Is 2462/2 - b/3 composite?
True
Let k be (-16 + 1)*(-1)/3. Suppose -8*w = -24142 + 8750. Suppose k*l + 229 = w. Is l a composite number?
True
Let r be 1/(-3)*(90/2)/(-5). Suppose r*w + 225 = 8*w. Is 23*(534/5 + 9/w) a composite number?
True
Let c(f) = -2*f**3 - 4*f**2 - 4*f - 11. Let n be c(-7). Let g = -26 + n. Is g a prime number?
False
Let t(c) = 621*c**2 + c. Let h be t(1). Suppose 2*u - 1820 - h = 0. Suppose -f - 2*f = -u. Is f a composite number?
True
Let y = 516 - 514. Suppose -6*d + 6092 = 4*k - 3*d, -y*k = -5*d - 3046. Is k prime?
True
Let o(l) = -763*l + 1530. Is o(-11) a prime number?
True
Let k(z) = 3*z**3 - 2*z**2 - 3*z + 4. Let u be k(1). Let p be (-17)/34 - (-681)/u. Is p/30*(-2 - 19/(-2)) a composite number?
True
Suppose -81*k + 68025 = -84*k. Is 21/7*k/(-15) a prime number?
False
Let j = 344 + -350. Is 10427/(1 - 0/j) composite?
False
Let j(m) = 121*m**3 + 4*m + 1. Let k(x) = 9*x**2 + x - 2. Let g be k(1). Let h be g/20*5*1. Is j(h) composite?
False
Let j = 3521 + -2925. Let f be (-1)/(-2) - 9/(-2). Suppose 439 = 3*h + 4*y, -y = -f*h + 151 + j. Is h a composite number?
False
Suppose -116 = 8*k - 12*k. Suppose 4 = -25*g + k*g. Is (-3)/(-2 - g) - -3072 composite?
True
Let b = -10 + -4. Let l = b + 736. Let x = l + -67. Is x prime?
False
Let j(k) = k**2 - 34*k - 81. Let t be j(37). Suppose 247 = -t*m + 8557. Is m composite?
False
Let x(s) = s**3 + 5*s**2 - 9. Let n be x(-5). Let p(o) = 2*o + 20. Let a be p(n). Suppose -3*k = 3*z + a*k - 471, -157 = -z + k. Is z composite?
False
Suppose 17517880 = 283*i - 243*i. Is i composite?
False
Suppose 0 = -j - 6. Let y(b) = -3*b**3 - 10*b**2 - 4*b + 1. Let l(g) = 7*g**3 + 21*g**2 + 7*g - 3. Let f(r) = -2*l(r) - 5*y(r). Is f(j) composite?
False
Let r = 1105739 - 66942. Is r a prime number?
True
Let s(w) = -3*w**2 - 4*w + 30. Let g be s(20). Let k = g + -171. Let z = 2218 + k. Is z a composite number?
False
Let m(r) = 26*r**3 - 4*r**2 - 17*r + 16. Let a be m(9). Let o = -12492 + a. Is o prime?
False
Suppose 119*u + 1046997 = 140*u. Is u a composite number?
True
Let j = -51 + 54. Suppose -4*b = -j*z - 2*b + 3676, 